 divisor of 6322 and 120696463?
3161
Calculate the greatest common divisor of 18301196 and 1336.
668
Calculate the highest common factor of 58 and 9630871.
29
What is the greatest common factor of 15005282 and 6275?
251
Calculate the greatest common divisor of 603225 and 67851.
63
Calculate the greatest common factor of 1792 and 199308704.
224
What is the highest common divisor of 140 and 23969372?
28
Calculate the highest common divisor of 1985588 and 1408.
44
What is the greatest common factor of 281805 and 255?
15
Calculate the greatest common divisor of 697 and 321606009.
41
What is the highest common divisor of 26525913 and 2289?
327
What is the highest common factor of 21665 and 1589?
7
What is the greatest common factor of 52747629 and 627?
627
Calculate the greatest common divisor of 960 and 1693410.
30
Calculate the highest common divisor of 433178 and 312346.
118
Calculate the greatest common factor of 24 and 12168056.
8
What is the highest common factor of 104760469 and 253?
253
What is the highest common factor of 540847 and 94690?
557
Calculate the highest common factor of 429 and 4233933.
33
Calculate the highest common factor of 1644 and 66904772.
548
Calculate the greatest common factor of 53569657 and 41.
41
What is the greatest common divisor of 5488 and 475968752?
5488
Calculate the highest common divisor of 749988122 and 10842.
3614
What is the greatest common divisor of 9 and 144663?
3
Calculate the highest common factor of 9971332 and 3948.
1316
What is the greatest common divisor of 2812096 and 896?
448
Calculate the highest common divisor of 1588223 and 3627.
403
Calculate the greatest common divisor of 1184010 and 340380.
1830
What is the greatest common divisor of 3246596 and 272?
4
Calculate the highest common factor of 217792 and 2033168.
1328
What is the highest common factor of 9826164 and 123876?
3996
What is the highest common divisor of 12272 and 3181339?
59
Calculate the highest common factor of 7425600 and 23520.
3360
Calculate the highest common factor of 2310608 and 288.
16
What is the highest common divisor of 11466360 and 5184?
648
What is the greatest common divisor of 105 and 13743282?
21
What is the greatest common factor of 3911418 and 815850?
4662
What is the highest common divisor of 5091 and 8406938?
1697
Calculate the highest common factor of 33 and 10299477.
3
Calculate the greatest common divisor of 141737 and 12669.
41
What is the highest common factor of 3006 and 25530960?
1002
What is the highest common factor of 2103738 and 198471?
273
Calculate the highest common divisor of 661277 and 22812395.
3323
What is the greatest common factor of 473425 and 203000?
725
Calculate the highest common factor of 178047740 and 650.
130
Calculate the greatest common divisor of 3373557 and 264.
33
Calculate the greatest common factor of 254030058 and 72.
18
What is the highest common divisor of 1491102 and 857169?
1431
What is the greatest common divisor of 69549 and 4559?
97
What is the greatest common divisor of 43900981 and 185?
37
What is the highest common divisor of 67762 and 204?
34
What is the greatest common divisor of 1729462 and 301714?
322
Calculate the greatest common factor of 43284 and 113172.
12
What is the highest common divisor of 10113524 and 956?
956
Calculate the highest common divisor of 32 and 66752096.
32
What is the highest common divisor of 29291600 and 334050?
6550
What is the highest common divisor of 2527701 and 66?
33
Calculate the greatest common factor of 17232 and 13545429.
1077
Calculate the highest common divisor of 12949 and 91769.
563
Calculate the highest common divisor of 354 and 565366497.
177
Calculate the greatest common divisor of 1855 and 4118485.
35
Calculate the greatest common factor of 7 and 8666203.
7
What is the greatest common factor of 32204 and 167422?
194
What is the highest common factor of 1409009 and 53?
1
Calculate the highest common divisor of 888270993 and 1395.
279
Calculate the greatest common factor of 24463 and 227766.
17
Calculate the highest common factor of 75504 and 15664.
176
What is the greatest common factor of 12374082 and 126?
126
Calculate the highest common divisor of 2834 and 531206.
26
Calculate the highest common factor of 88000952 and 208.
104
What is the highest common divisor of 153360 and 10890?
90
Calculate the greatest common factor of 1517 and 394665754.
1517
Calculate the highest common factor of 6666 and 17329378.
2222
What is the greatest common divisor of 4700 and 1414400?
100
Calculate the highest common divisor of 837 and 110342061.
27
Calculate the highest common factor of 1160 and 403770480.
1160
Calculate the highest common factor of 88308 and 4248.
36
Calculate the greatest common divisor of 2553052 and 8.
4
What is the highest common divisor of 3718 and 242066?
22
Calculate the greatest common divisor of 567 and 712966779.
567
What is the greatest common divisor of 39755572 and 508?
508
Calculate the greatest common divisor of 5347351 and 49321.
1591
Calculate the highest common factor of 147007560 and 6832.
3416
What is the greatest common divisor of 341430 and 21660?
570
What is the highest common factor of 5856 and 35981216?
1952
What is the highest common factor of 987266 and 485?
97
What is the greatest common factor of 416040 and 5880?
120
What is the highest common factor of 27 and 14069595?
3
Calculate the highest common factor of 317354 and 3496.
46
What is the greatest common factor of 22793176 and 19?
1
What is the highest common divisor of 2259 and 229822377?
753
Calculate the highest common factor of 37221552 and 8.
8
What is the greatest common factor of 1123 and 392851229?
1123
What is the greatest common divisor of 21916478 and 5176?
1294
What is the greatest common factor of 12353658 and 8517?
501
Calculate the highest common divisor of 171915689 and 8734.
4367
Calculate the highest common factor of 36 and 4839364.
4
What is the highest common divisor of 81754132 and 348?
116
What is the highest common factor of 17670671 and 1096?
137
Calculate the highest common factor of 507348 and 18054.
306
What is the greatest common divisor of 8180 and 11581244?
1636
What is the greatest common factor of 418 and 726814?
22
What is the greatest common factor of 75645270 and 45?
45
What is the greatest common factor of 28727 and 1518690?
23
Calculate the greatest common factor of 60338154 and 226113.
2001
Calculate the greatest common factor of 26233658 and 94342.
2194
Calculate the highest common factor of 242372 and 85241.
1027
Calculate the greatest common factor of 748 and 251362.
34
Calculate the greatest common factor of 9711 and 34859253.
3237
What is the highest common divisor of 5734 and 103029?
61
What is the greatest common factor of 238396 and 1954034?
214
Calculate the greatest common divisor of 1025 and 652675.
25
What is the highest common factor of 196089744 and 4384?
2192
Calculate the highest common divisor of 1084020798 and 84.
42
What is the highest common factor of 1427048 and 80946?
2998
Calculate the greatest common factor of 65 and 192024300.
65
Calculate the highest common factor of 27 and 9967806.
27
What is the highest common factor of 19832 and 659034713?
2479
What is the highest common factor of 1774 and 58305171?
887
Calculate the greatest common factor of 27936 and 219220.
388
Calculate the highest common factor of 151938 and 186.
6
What is the highest common factor of 36 and 14868909?
9
What is the highest common factor of 1466 and 123001798?
1466
Calculate the greatest common divisor of 15552295 and 3575.
55
Calculate the greatest common factor of 31731600 and 14725.
775
Calculate the greatest common divisor of 111 and 29456144.
37
What is the highest common factor of 2667288 and 137814?
618
Calculate the highest common factor of 991540 and 14440.
20
What is the greatest common factor of 47 and 120699807?
47
Calculate the greatest common factor of 8028944 and 57988.
532
Calculate the highest common factor of 389336 and 109552.
328
Calculate the highest common divisor of 894808 and 1517.
37
What is the highest common divisor of 140 and 11199580?
140
What is the greatest common factor of 8785 and 732661972?
1757
What is the greatest common factor of 897 and 196417?
13
Calcul